34 + 13558b2?
1355926
In base 3, what is 2 + -112100021000110?
-112100021000101
In base 6, what is 112335113 - -1?
112335114
In base 11, what is -2a + 351225?
3511a6
In base 13, what is 1276 + -17c6c?
-169c6
In base 11, what is -1766731 - 3?
-1766734
In base 3, what is 1000022 - -11102002111?
11110002210
In base 11, what is -9502 - -16466?
7a64
In base 10, what is -4820843 + 170?
-4820673
In base 9, what is 2176 + 1351?
3537
In base 11, what is -56553 - -285?
-56279
In base 3, what is -2011102011211000202 - 10?
-2011102011211000212
In base 12, what is 14b + 148ba6?
149135
In base 3, what is 11100110022 + -1102?
11100101220
In base 16, what is -2fb - -691?
396
In base 13, what is 5 - -936432?
936437
In base 5, what is 0 + 1330003144?
1330003144
In base 16, what is -11fb43c - b?
-11fb447
In base 5, what is -2041222021 + 0?
-2041222021
In base 13, what is -1224c - 212?
-12461
In base 16, what is 9037ea + -3?
9037e7
In base 3, what is 20200212012120 + -102?
20200212012011
In base 11, what is -14698a3 + 36?
-1469868
In base 11, what is -5 + 648191?
648187
In base 3, what is 12022210202210 - -11?
12022210202221
In base 10, what is -3268 + -10593?
-13861
In base 12, what is 1ab3 - 9255?
-7362
In base 4, what is 1330013013 - -323?
1330020002
In base 5, what is 1313224 + 101242?
1420021
In base 6, what is -4222133032 - 3?
-4222133035
In base 11, what is 26717aa + -21?
2671789
In base 9, what is 1285334 - -287?
1285632
In base 11, what is -6623913 - -2?
-6623911
In base 5, what is -2334332 - 1320132?
-4210014
In base 7, what is -11044 + 221633?
210556
In base 4, what is 113200 - 2013301?
-1300101
In base 6, what is -323132 - -11122?
-312010
In base 5, what is 2 + 441214041?
441214043
In base 14, what is -91c747 + 19?
-91c72c
In base 4, what is -232310101200230 - -1?
-232310101200223
In base 7, what is 5 - -15146523?
15146531
In base 3, what is -1 - 202220111022202?
-202220111022210
In base 7, what is -156422 + -241?
-156663
In base 12, what is -3 - 9a1408?
-9a140b
In base 2, what is -101011101 - 101001010000101110011?
-101001010001011010000
In base 13, what is -3575b + b?
-35750
In base 5, what is 34 + -11242031?
-11241442
In base 16, what is 19d2 + 319a2?
33374
In base 2, what is 0 - 100001100110010011011010101?
-100001100110010011011010101
In base 12, what is -246196 + -3?
-246199
In base 3, what is -21212 - 222122021?
-222221010
In base 3, what is -12 - 222101111202200?
-222101111202212
In base 12, what is 39279 - -2b5?
39572
In base 6, what is 1051402 - -124?
1051530
In base 7, what is 5164100 - -10?
5164110
In base 9, what is -35824 + -10866?
-46801
In base 3, what is 12120021 - -1110111221?
1200002012
In base 3, what is 2 + 2012121210001?
2012121210010
In base 14, what is -14d3 + -3558?
-4a4b
In base 5, what is 300 - -1221400301?
1221401101
In base 12, what is 16a2067 - -2?
16a2069
In base 14, what is 55d1 - 124?
54ab
In base 5, what is 104311 - -3241100?
3400411
In base 16, what is -64 - -841d6?
84172
In base 8, what is -265475270 - 3?
-265475273
In base 15, what is b0 - 65c2ed?
-65c23d
In base 2, what is -10 + -101101001100101010111110110?
-101101001100101010111111000
In base 3, what is 1210010001202 - 1022?
1210010000110
In base 8, what is -133506 - 3770?
-137476
In base 16, what is 2 + -2f90e13?
-2f90e11
In base 4, what is 11 - 130313121103?
-130313121032
In base 15, what is 44e - 73a0?
-6e51
In base 9, what is 54082 - -776?
54868
In base 10, what is -21402243 - -2?
-21402241
In base 8, what is 54426033 + 0?
54426033
In base 5, what is 100100244140 - 4?
100100244131
In base 16, what is cfb87e - -1?
cfb87f
In base 12, what is -25002630 + -5?
-25002635
In base 13, what is -765c6a - -94?
-765ba6
In base 13, what is 2 - -21b8bc16?
21b8bc18
In base 8, what is 3 + 151552?
151555
In base 3, what is 11 + -2201002120002?
-2201002112221
In base 5, what is 333014400 + 223?
333020123
In base 10, what is -69437 - 142?
-69579
In base 14, what is -2a57c8 + -8?
-2a57d2
In base 2, what is 1010 + 110110101011110011001?
110110101011110100011
In base 16, what is -2 - 4d4ebe?
-4d4ec0
In base 11, what is 360 - 57306?
-56a56
In base 3, what is -101 + 110000100102020?
110000100101212
In base 2, what is 111010010111001 - -111010111?
111011010010000
In base 6, what is -533154213 + -4?
-533154221
In base 13, what is -295a0c + -5c?
-295a6b
In base 14, what is -6 - 129360?
-129366
In base 4, what is -103302 + -21312101?
-22022003
In base 2, what is 11111111000 - 10011001101010?
-1111001110010
In base 5, what is 2303123 - 2443?
2300130
In base 3, what is -100211122 + 2100?
-100202022
In base 8, what is -4 - -672330?
672324
In base 12, what is 9aba38 - 3?
9aba35
In base 13, what is 16 + 78b69a5?
78b69bb
In base 3, what is -21121 + 1102110110?
1102011212
In base 3, what is 1211200 - 10200211100?
-10121222200
In base 7, what is 5 - 1215543625?
-1215543620
In base 4, what is 2013301332 - 10312?
2013231020
In base 6, what is -422 + 55450511?
55450045
In base 8, what is 2 + -77016564?
-77016562
In base 4, what is -23003 - -1131210110?
1131121101
In base 13, what is 2785 + -c54?
1831
In base 3, what is -2111020 - -202100001?
122211211
In base 4, what is 313 + -13113132?
-13112213
In base 11, what is 19 - -43a915?
43a933
In base 9, what is -11313334 + 4?
-11313330
In base 2, what is 10111111001 - -101010010010?
1000010001011
In base 4, what is 3111 - 13102223?
-13033112
In base 9, what is -5 - 5386731?
-5386736
In base 9, what is 11 - 74237061?
-74237050
In base 2, what is 1010000 - 11110110011100?
-11110101001100
In base 8, what is 170 - 12562?
-12372
In base 7, what is 22120441 + 2?
22120443
In base 10, what is -3 - -3031725?
3031722
In base 2, what is 1111000101100011001001000 + 100?
1111000101100011001001100
In base 11, what is 152a848 + -a3?
152a755
In base 7, what is -6225626 + -126?
-6226055
In base 5, what is 1 + -403232343404?
-403232343403
In base 8, what is -1575 + 31076?
27301
In base 15, what is -3a523c9 - 0?
-3a523c9
In base 13, what is -136 + 4a822?
4a6b9
In base 14, what is -1514 - -561?
-d93
In base 13, what is -4851 - 449?
-4c9a
In base 3, what is -1112020121100021 - -1122?
-1112020121021122
In base 7, what is -102315605 - 2?
-102315610
In base 14, what is -114 + -a803?
-a917
In base 16, what is 2c2f + 576?
31a5
In base 4, what is 11310 - -21302021?
21313331
In base 8, what is -45401561 - 20?
-45401601
In base 11, what is 231 + -147940?
-14770a
In base 3, what is 21 - -211100212112221?
211100212120012
In base 10, what is -24117 - 23?
-24140
In base 9, what is 23221560 - 3?
23221556
In base 12, what is 640a + -134b3?
-90a5
In base 7, what is 210512 + -6?
210503
In base 2, what is 1 + 100100010011111000100010?
100100010011111000100011
In base 4, what is -20131 + 2011133222?
2011113031
In base 10, what is 69022 + -315?
68707
In base 15, what is 1e - -194929?
194948
In base 11, what is -3222 + 729?
-25a4
In base 12, what is -167130 + 75?
-167077
In base 9, what is -1 - 240853?
-240854
In base 7, what is 12100 - -13451?
25551
In base 14, what is -402d4 - -da5?
-3d32d
In base 5, what is -41 - -113110424112?
113110424021
In base 4, what is -11332202 - -30310?
-11301232
In base 9, what is -2054 + -22084?
-24148
In base 12, what is -69243 + -24?
-69267
In base 6, what is 44 - -301123013?
301123101
In base 5, what is 41422414403 - 31?
41422414322
In base 14, what is -63 + -1354d8a?
-135500d
In base 7, what is 1152064 - -402?
1152466
In base 13, what is -890 + 9083?
84c3
In base 6, what is 4 - -24330205?
24330213
In base 6, what is -302511121 - 2?
-302511123
In base 13, what is -2 + -1b1007b2?
-1b1007b4
In base 10, what is -47 - 6001192?
-6001239
In base 2, what is -10100 - -101110111010101100101?
101110111010101010001
In base 12, what is 3 - -b51973?
b51976
In base 14, what is 4 + -190d9b?
-190d97
In base 12, what is 27070712 - -8?
2707071a
In base 6, what is 53402003 + -1?
53402002
In base 8, what is 17145 - -141401?
160546
In base 2, what is 101 + 1001110110111011000111010011?
1001110110111011000111011000
In base 8, what is 3 + 51305467?
51305472
In base 4, what is 102001 - 221110?
-113103
In base 2, what is -11 + 101001010110011100101?
101001010110011100010
In base 14, what is 40c + 284cc?
288da
In base 8, what is -3 - 570466?
-570471
In base 16, what is 86b16 + -7